{"id":30179,"date":"2022-09-30T13:10:24","date_gmt":"2022-09-30T13:10:24","guid":{"rendered":"https:\/\/trendfurniture.ee\/?post_type=product&#038;p=30179"},"modified":"2025-10-08T11:04:12","modified_gmt":"2025-10-08T11:04:12","slug":"metallist-porandalamp-panama","status":"publish","type":"product","link":"https:\/\/trendfurniture.ee\/en\/product\/metallist-porandalamp-panama\/","title":{"rendered":"Metallist p\u00f5randalamp Panama"},"content":{"rendered":"","protected":false},"excerpt":{"rendered":"<p>\u00dcksikasjad<br \/>\n&#8211; Kuldne p\u00f5randalamp<br \/>\n&#8211; Glamuurse disainiga<br \/>\n&#8211; Lambile isikup\u00e4rase ja erakordse v\u00e4limuse andmiseks on soovitatav kasutada dekoratiivset lambipirni<br \/>\n&#8211; Elektrifitseerimine: 3 x E27, max. 40 W<br \/>\n&#8211; Pirn ei kuulu komplekti<br \/>\n&#8211; Pole h\u00e4mardatav<br \/>\n&#8211; L\u00fclitage sisse\/v\u00e4lja kaabli jalgl\u00fclitiga<\/p>\n<p>V\u00e4rv<br \/>\nStruktuur: kuldne<br \/>\nLambi alus: kuldne<br \/>\nKaabel: must<\/p>\n<p>M\u00f5\u00f5dud:<br \/>\nLamp:<br \/>\nL\u00e4bim\u00f5\u00f5t 30 cm<br \/>\nK\u00f5rgus 150 cm<br \/>\nLambi alus:<br \/>\nL\u00e4bim\u00f5\u00f5t 30 cm<br \/>\nKaabel:<br \/>\nPikkus 180 cm<\/p>\n<p>Materjal<br \/>\nKonstruktsioon: harjatud metall<br \/>\nLambi alus: harjatud metall<br \/>\nKaabel: plastik<\/p>","protected":false},"featured_media":30180,"template":"","meta":{"_acf_changed":false},"product_brand":[],"product_cat":[171],"product_tag":[],"class_list":{"0":"post-30179","1":"product","2":"type-product","3":"status-publish","4":"has-post-thumbnail","6":"product_cat-valgustid","8":"first","9":"instock","10":"sale","11":"shipping-taxable","12":"purchasable","13":"product-type-simple"},"acf":[],"_links":{"self":[{"href":"https:\/\/trendfurniture.ee\/en\/wp-json\/wp\/v2\/product\/30179","targetHints":{"allow":["GET"]}}],"collection":[{"href":"https:\/\/trendfurniture.ee\/en\/wp-json\/wp\/v2\/product"}],"about":[{"href":"https:\/\/trendfurniture.ee\/en\/wp-json\/wp\/v2\/types\/product"}],"wp:featuredmedia":[{"embeddable":true,"href":"https:\/\/trendfurniture.ee\/en\/wp-json\/wp\/v2\/media\/30180"}],"wp:attachment":[{"href":"https:\/\/trendfurniture.ee\/en\/wp-json\/wp\/v2\/media?parent=30179"}],"wp:term":[{"taxonomy":"product_brand","embeddable":true,"href":"https:\/\/trendfurniture.ee\/en\/wp-json\/wp\/v2\/product_brand?post=30179"},{"taxonomy":"product_cat","embeddable":true,"href":"https:\/\/trendfurniture.ee\/en\/wp-json\/wp\/v2\/product_cat?post=30179"},{"taxonomy":"product_tag","embeddable":true,"href":"https:\/\/trendfurniture.ee\/en\/wp-json\/wp\/v2\/product_tag?post=30179"}],"curies":[{"name":"wp","href":"https:\/\/api.w.org\/{rel}","templated":true}]}}

Metallist põrandalamp Panama

<p>Üksikasjad<br />
&#8211; Kuldne põrandalamp<br />
&#8211; Glamuurse disainiga<br />
&#8211; Lambile isikupärase ja erakordse välimuse andmiseks on soovitatav kasutada dekoratiivset lambipirni<br />
&#8211; Elektrifitseerimine: 3 x E27, max. 40 W<br />
&#8211; Pirn ei kuulu komplekti<br />
&#8211; Pole hämardatav<br />
&#8211; Lülitage sisse/välja kaabli jalglülitiga</p>
<p>Värv<br />
Struktuur: kuldne<br />
Lambi alus: kuldne<br />
Kaabel: must</p>
<p>Mõõdud:<br />
Lamp:<br />
Läbimõõt 30 cm<br />
Kõrgus 150 cm<br />
Lambi alus:<br />
Läbimõõt 30 cm<br />
Kaabel:<br />
Pikkus 180 cm</p>
<p>Materjal<br />
Konstruktsioon: harjatud metall<br />
Lambi alus: harjatud metall<br />
Kaabel: plastik</p>
